inder when a is divided by 4?
0
Suppose -19*x + 6200 = 12*x. Calculate the remainder when x is divided by 76.
48
Suppose 0 = -5*l - 4*f - 12, -3*l + 5 = -3*f - 4. Suppose v - 2*v + 4 = 0, 0 = -3*w - 4*v + 148. What is the remainder when w is divided by 1*(12 + l - -3)?
14
Suppose 0 = 2*w - 3 - 3. Suppose -3 = 3*n - w*l - l, 0 = -2*n + 2*l. Suppose n - 7 = -2*q. Calculate the remainder when 4 is divided by q.
0
Suppose 36 = c - 4*b, 0*c - c + b = -48. Calculate the remainder when 96 is divided by c.
44
Let c = 0 - -15. What is the remainder when 19 is divided by (c/(-6))/((-3)/6)?
4
Let n(m) = 15*m - 4. Suppose -45 = 5*x + 2*a - 7*a, 3*x + 3*a + 15 = 0. Let s = x - -25. Calculate the remainder when n(5) is divided by s.
17
Let u be ((-8)/3)/((-1)/6). Suppose -2*t + 78 = u. Calculate the remainder when t is divided by (-195)/520*128/(-6).
7
Let b be 1707/(-21) - 4/(-14) - 3. Let z = -76 - b. What is the remainder when 30 is divided by z?
6
Let z = -53 - -97. Let h be (z/16)/((-2)/(-8)). Suppose 0 = t - h - 6. Calculate the remainder when t is divided by 10.
7
Suppose 9*v = 3*v + 228. What is the remainder when 100 is divided by v?
24
Let t = -9 + 6. Calculate the remainder when (-31 - -1)/(2/t) is divided by -18 - 187/(-22)*4.
13
Suppose 53*f - 7314 = 41976. What is the remainder when f is divided by 19?
18
Suppose 5*w = 2*l + 135, -4*l - w = -3*w + 246. Let k = 65 + l. Let c(m) = m + 17. Calculate the remainder when c(0) is divided by k.
2
Let l(j) = -j**3 - 57*j**2 - j - 3. What is the remainder when 110 is divided by l(-57)?
2
Let k = 206 - 165. Calculate the remainder when 284 is divided by k.
38
Let p(c) = c**2 + c + 6. Let o(q) = q**2 - q. Let h(t) = 2*o(t) - p(t). Let d(b) = -b**2 + 7*b. What is the remainder when h(7) is divided by d(6)?
4
Let r(c) = c**3 - 7*c**2 + 4*c + 8. Let a be r(5). What is the remainder when 42 is divided by (-11)/(484/8) + (-202)/a?
6
Let i be 33/(-44) - 150/24. Let p(u) = -u**3 - 2*u**2 + u - 3. Let t be p(-4). Let w = i + t. What is the remainder when w is divided by 5?
3
Suppose 4*a = 70 + 30. What is the remainder when a is divided by 1 + -2 + 0 + 8?
4
Let c(r) = 3*r - 23. Let q be c(-17). Let w = 113 + q. What is the remainder when w is divided by 8?
7
Let w(z) = z**3 - 16*z**2 + 16*z - 9. Let o = 27 - 12. Suppose 0 = -3*h - 27 + 90. What is the remainder when h is divided by w(o)?
3
Let k = 60 + -31. Suppose -99 = -2*d - k. What is the remainder when 137 is divided by d?
32
Let w = 366 + -363. What is the remainder when 9 is divided by w?
0
Let c = -222 + 240. Calculate the remainder when 177 is divided by c.
15
Let o(r) = -r**3 + 27*r**2 - 56*r + 160. Calculate the remainder when (-384)/(-15) + 2/5 is divided by o(25).
6
Suppose -22 = -o + 4. Calculate the remainder when 96 is divided by o.
18
Suppose 2*s - 63 + 5 = -4*b, -3*s + 4*b + 97 = 0. Calculate the remainder when s is divided by 5.
1
Let p(r) = 8*r - 13. Let o be p(12). Suppose -78*w - 565 = -o*w. Calculate the remainder when w is divided by 29.
26
Suppose -155 = 8*v - 13*v. Suppose -2*i + i - 5*x + v = 0, 0 = -x + 3. What is the remainder when 25 is divided by i?
9
Suppose -955*i = -947*i - 1624. Calculate the remainder when i is divided by 17.
16
Let g(d) = d**3 + 7*d**2 - 11*d - 21. Let f be g(-5). Suppose -s = -4*s + f. What is the remainder when 109 is divided by s?
25
Suppose 3*o - 292 = -3*t - 2*o, 272 = 3*t + o. Let s = t + -77. What is the remainder when 47 is divided by s?
11
Suppose 3*z = -1 + 28. What is the remainder when (-68)/(-170) - 166/(-10) is divided by z?
8
Let a(d) = d**2 + 9*d - 85. Calculate the remainder when -21 - -20 - (-19 + -1) is divided by a(6).
4
Let j be (-18)/(-4)*4/6. Suppose 0*r + 4*p = r - 2, 0 = -j*p + 12. Calculate the remainder when 87 is divided by r.
15
Let w = -1094 + 1186. Calculate the remainder when w is divided by 77.
15
Let j be 15 + 2*(-1)/2. Let g = j + -9. Suppose -3*a + 63 = 3*z, -3*a - 2*a = -g*z - 135. Calculate the remainder when 95 is divided by a.
23
Let p be 4*(-5)/30 - 28/(-6). Calculate the remainder when (-3 - -4 - -94) + p is divided by 27.
18
Let g = -739 - -816. Calculate the remainder when 202 is divided by g.
48
Let h = -150 + 154. Let d(t) = -t**3 + 7*t**2 + 5. Let b be d(7). Suppose -2*n - b = -33. Calculate the remainder when n is divided by h.
2
Let x be -1 - (1 - -1) - -3. Suppose x = l - 3*n + 5, 2*l - 4*l + n + 15 = 0. Calculate the remainder when 39 is divided by l.
9
Suppose 3*s - 2*k + 7*k - 16 = 0, -3*s + 4*k + 25 = 0. Let w(p) = p**3 - 26*p**2 - 22*p - 106. Calculate the remainder when w(27) is divided by s.
1
Suppose -x - 137 + 31 = 0. Let o = -98 - x. What is the remainder when 29 is divided by o?
5
Let h = -145 - -160. What is the remainder when 179 is divided by h?
14
Let d be (-46)/(-4) + (-2)/4. Let o(b) = 3*b**2 + 4*b + 3. Let j be o(-1). Let x = d - j. Calculate the remainder when x is divided by 4.
1
Let i = 27 - 2. Calculate the remainder when i is divided by 17.
8
Let c(f) = -21*f + 220. Let a(o) = 5*o - 55. Let k(v) = 9*a(v) + 2*c(v). What is the remainder when 30 is divided by k(24)?
13
Let h = 396 - 339. What is the remainder when h is divided by (3/(-2))/((-8)/64)?
9
Suppose -3*d + 16 = -q - 1, 3*q - 14 = -4*d. Suppose k + 62 = d*y - 0*y, 10 = y - k. Let s(i) = 2*i - 12. Calculate the remainder when s(y) is divided by 4.
2
Let w(s) be the first derivative of -27*s**2/2 + 17. Calculate the remainder when w(-5) is divided by 46.
43
Let j be (-8 + 6)*1*4. Calculate the remainder when 32 is divided by j/(-12)*(-84)/(-8).
4
Let v(x) = x**3 + 9*x**2 + 6*x - 2. Calculate the remainder when (-1*(-3)/(-6))/((-3)/318) is divided by v(-8).
11
Let y be 1/(-3) - 21/(-9). Calculate the remainder when ((-10)/20)/(y/(-360)) is divided by 31.
28
Let r = -170 - -297. What is the remainder when r is divided by 19?
13
Suppose 3*x - 97 - 95 = 0. Suppose 18*v + 21*v = 117. Suppose x = v*g - g. What is the remainder when g is divided by 9?
5
Suppose 16 = 5*m - 4, -3*m - 460 = -4*c. What is the remainder when (-3)/(-6)*0 + c is divided by 17?
16
Suppose 3*v + u - 56 = 0, -36 = -4*v + 2*v - 2*u. Let l(y) = y**3 - 9*y**2 + y + 24. Calculate the remainder when l(9) is divided by v.
14
Let g = -25 - -61. Suppose -5*i - 4*p - 14 = 46, -2*i - 4*p = g. Let f(h) = -h**2 - 11*h - 8. Calculate the remainder when 45 is divided by f(i).
13
Suppose 2*q - 4 = 0, -5*s - 5 = 5*q + 40. Suppose 0 = -5*l - 25, 3*l + 0*l = f - 31. Let j = s + f. What is the remainder when 8 is divided by j?
3
Let h(z) = 3*z - 2. Let s = -6 - -10. Suppose 3 = -3*y - 4*n, -n - s*n = -2*y + 21. What is the remainder when h(y) is divided by 5?
2
Let y = 1157 + -1143. Calculate the remainder when 1133 is divided by y.
13
Suppose 4*g - 17*o + 22*o = 384, -4*g + 2*o = -356. Calculate the remainder when g is divided by 41.
9
Suppose -2*h + 35 = -g + 303, 1361 = 5*g - 3*h. What is the remainder when g is divided by 26?
14
Suppose -u = 78 - 81. Suppose 3*a + 5*n - 225 = 0, -3*a + 195 = -2*n - u*n. Calculate the remainder when a is divided by 38.
32
Suppose 2*l = -3*l, 0 = 4*f + l - 1352. Suppose -3*k + f = 59. Calculate the remainder when k is divided by 16.
13
Suppose -b = -5*f - 47, 0 = 3*b - 4*f - 51 - 46. Let h = 22 - b. Let t = 9 - h. Calculate the remainder when 53 is divided by t.
11
Let q(m) = -15*m + 4. Let b be q(-4). Suppose 3*h - b = 17. What is the remainder when 79 is divided by h?
25
Let g(n) = 127*n**2 - 86*n - 164. Calculate the remainder when g(-2) is divided by 58.
52
Suppose 0 = -4*u + 8 - 36. Let n = -3 - u. Suppose 20 = n*g + 4. What is the remainder when 19 is divided by g?
3
Let z(k) = 41*k - 42*k + 1 + 0 + 11*k**2. Calculate the remainder when z(-2) is divided by 6.
5
Let l(p) = p**3 - 9*p**2 + 12*p + 22. Calculate the remainder when l(10) is divided by 30.
2
Let r be 4*(5/40)/((-2)/(-12)). Let y be (-12)/(-9) + 4/6. Let f = r - y. What is the remainder when 4 is divided by f?
0
Suppose -79*g + 56*g + 57*g = 102. Suppose w = 4*w - 18. Calculate the remainder when w is divided by g.
0
Let z = 75 - 152. Let a = z + 100. Calculate the remainder when 159 is divided by a.
21
Suppose -4*r + 402 = -5*o, r + 4 - 117 = -5*o. What is the remainder when 507 is divided by r?
95
Suppose -6*s - 5*x = -4*s - 22